Suppose 6*x + 50 = -4. Let y be 1/(3 - 40/12). List the prime factors of (-303)/x - (-2)/y.
3, 11
What are the prime factors of (16 - 6462/4)*-2?
7, 457
Suppose 14061 = 3*s + 3*l, 8*s - 4*s + 2*l = 18756. What are the prime factors of s?
4691
Let p(q) = 53*q**2 - 6*q + 1. Let s be p(-7). Suppose 3*a + 19*a = s. List the prime factors of a.
2, 3, 5
Let c(p) = 3*p**2 - 10*p + 11. Let j(v) = v**2 + v - 1. Let r(w) = c(w) + 6*j(w). Let f be (-4)/16*(-56)/(0 + 7). List the prime factors of r(f).
3, 11
Let q be -5 - 12*744/(-16). Suppose -1108*k = -1115*k + q. What are the prime factors of k?
79
Let o(g) be the third derivative of g**6/120 + g**5/15 + g**4/12 + 2*g**3/3 + 24*g**2. Let z be o(-3). List the prime factors of (-52)/(-1)*(11 - z).
2, 13
Let v(o) = 66*o**2 + 19*o + 12. What are the prime factors of v(-8)?
2, 1021
Let h(o) = 902*o + 1101. What are the prime factors of h(8)?
8317
Suppose -316*i + 334*i = 710460. List the prime factors of i.
2, 5, 3947
Suppose -3*b = -f + 7052 + 5336, 5 = -5*b. List the prime factors of f.
5, 2477
Suppose 3*h - 80 + 71 = 0. Suppose 0 = 3*x - 5*i - 813, -i + 200 + 613 = h*x. List the prime factors of x.
271
What are the prime factors of 11894 + (18 + -8 - 21 - -9)?
2, 3, 991
Let i be 1380/(-8) - (-2)/4. Suppose -17*q + 12*q = 485. Let s = q - i. List the prime factors of s.
3, 5
Suppose 7*u - 14305 = 2*u - 5*q, 5726 = 2*u + 4*q. List the prime factors of u.
3, 953
Let u(m) = 2*m**2 - 17*m - 3. Let v be u(9). What are the prime factors of ((1365/6)/(-5))/(v/(-48))?
2, 7, 13
Suppose -25*z = z - 135664 - 96334. List the prime factors of z.
8923
Let v(h) = -3*h**2 - 24*h + 50. Let y be v(-23). Let u = 1444 + y. What are the prime factors of u?
3, 17
Suppose -3*l + 10 + 5 = 0. Suppose -3*p + 184 = -6*p - 5*v, -l*p - 3*v - 280 = 0. Let z = -31 - p. What are the prime factors of z?
2, 11
Let d(r) = -6*r - 14. Let h be d(-3). Suppose 5*q - 5211 = -h*q. List the prime factors of q.
3, 193
Suppose 43*g = 38*g - 30, -5*o + 3*g = -102788. What are the prime factors of o?
2, 43, 239
List the prime factors of ((-14467)/3404)/(2/(-64)*2).
2, 17
Suppose -2*h + 8*b = -45558, -2*b - 67533 - 734 = -3*h. List the prime factors of h.
22751
Let x(q) = -177*q + 64*q - 410*q + 62*q - 272. What are the prime factors of x(-4)?
2, 3, 131
Let k(a) be the second derivative of 5*a**4/12 - 11*a**3/6 + 19*a**2/2 + 6*a + 2. List the prime factors of k(12).
607
Let c(k) = -16*k + 925. List the prime factors of c(34).
3, 127
Suppose -5*k = -0*k + 2*v - 34, 0 = -2*k - 2*v + 16. Let p(c) = -135*c + 274*c + 29 - 137*c. What are the prime factors of p(k)?
41
Let r = -339 - -341. Suppose -2009 = -5*o - 3*c, 2*c = r*o - 390 - 404. List the prime factors of o.
2, 5
Let t(r) = 6386*r**3 - 8*r**2 + 7. What are the prime factors of t(1)?
5, 1277
Suppose 10905440 = 765*k - 635*k. List the prime factors of k.
2, 7, 107
Suppose -4*n - 22 = 2*b, 2*n + 6 = -0*n. Let p(y) = -7*y**3 - 8*y**2 - y + 25. What are the prime factors of p(b)?
3, 5, 47
Let x = 143 + -99. Suppose -62*t + x*t + 19260 = 0. List the prime factors of t.
2, 5, 107
Let g(z) = 2*z**2 - 5. Let a be g(-2). Let t(d) = a - 7 + 14 - 12*d - d. List the prime factors of t(-9).
127
Suppose -17*h = -127 + 47387. List the prime factors of (48/(-40))/(0 + 6/h).
2, 139
Let l = -2 + 6. Suppose y = -l*y + 725. List the prime factors of y.
5, 29
What are the prime factors of ((-980805)/63)/(20/(-12))?
9341
Let s be (0 + 0)/(1 + -2). Let p(w) = 2*w + 4. Let d be p(s). List the prime factors of (2*194)/((32/4)/d).
2, 97
Let c(u) = u**2 + u + 29. Let j be c(-11). Let k = j - 58. List the prime factors of k.
3
Let j(n) be the third derivative of 4*n**5/15 - 2*n**4/3 - 89*n**3/6 - n**2 - 14*n. List the prime factors of j(-6).
11, 53
Suppose -3*k - 59*d - 2 = -63*d, -12 = -3*k - 3*d. Suppose 2*r - 13*z - 1832 = -9*z, -1807 = -k*r - z. What are the prime factors of r?
2, 3, 151
Suppose -45*w + 43*w = -60. Let b(g) = g**3 - 27*g**2 - 63*g - 42. List the prime factors of b(w).
2, 3
Let g(r) = -171*r + 546. List the prime factors of g(-36).
2, 3, 1117
Suppose -4*v - w - 608 = 0, 188 - 19 = -v + 4*w. List the prime factors of (-2037)/(-2)*(-102)/v.
7, 97
Let t(l) = 194*l + 872. Let c be t(-6). Suppose 0*h = 2*h + 972. Let y = c - h. List the prime factors of y.
2, 97
Suppose -17*p + 4*k = -12*p - 70745, 8*p - 113192 = 5*k. List the prime factors of p.
14149
Let u(w) be the first derivative of w**4/4 - 2*w**3 + w**2 - 5*w + 5412. Let d = -21 - -29. List the prime factors of u(d).
139
Suppose 120650 = -5*c + 335745. What are the prime factors of c?
43019
Suppose -48762 = -11*o + 38655. List the prime factors of o.
3, 883
Let t(q) = q**3 - 8*q**2 + 12*q + 8. Let h = -35 - -41. Let z be t(h). Suppose z*o - 662 - 98 = 0. What are the prime factors of o?
5, 19
Let t = 69 + -71. Let c be -3*t/12 - 1294/(-4). Suppose 0*i + 2*u = 4*i - c, 0 = -3*i - 4*u + 221. List the prime factors of i.
79
Suppose -13*t + 1326 = -3835. Suppose 0 = -u + 379 + t. What are the prime factors of u?
2, 97
Suppose -6*u + 73 = 1. Suppose 0 = -14*x + u*x + 834. Suppose -b = -3*d + x, -2*d + 3*b = -0*b - 278. List the prime factors of d.
139
Suppose -5*o = 3*t - 183, o + 3*o + 3*t = 147. Let a = 40 - o. Suppose -790 = -a*m + 5*l, -2*l + 14 = m - 190. List the prime factors of m.
2, 5
Suppose 0 = -h + w + 40502 + 16936, 287166 = 5*h - 2*w. List the prime factors of h.
2, 5, 5743
Let w be ((-13)/(-4))/(21/1596). Let y = w - 66. What are the prime factors of y?
181
Let n = 2531 - 1771. What are the prime factors of n?
2, 5, 19
Let i = 31 + -29. Let f be ((-6)/4)/((-1)/i). Suppose 0 = -2*p - 2, -4*u = -f*p - 45 - 82. List the prime factors of u.
31
Suppose 756*l + 10233096 = 16424522 + 34962190. What are the prime factors of l?
2, 31, 439
List the prime factors of (3967272/18)/12 + (-3 - 7).
3, 29, 211
What are the prime factors of -79*(-6 - 6/(42/455))?
71, 79
Let u(q) = 35*q - 12. Let a be u(8). Let j = -172 + a. What are the prime factors of j?
2, 3
Let n(w) = -w**2 - 9*w - 5. Let h be n(-8). Suppose 5*o + 3*l + 1748 = 9*o, -h*l - 2188 = -5*o. List the prime factors of o.
2, 5, 11
Suppose -7*y - 4*y = -4*y. Suppose -5*g - 3*h + 773 = 0, -475 = -3*g - y*g + h. What are the prime factors of g?
157
Suppose -2*g = -5*p + 257978, -3*p + 54554 + 100264 = 4*g. What are the prime factors of p?
2, 25799
Suppose -6*m + 1038180 = 11*m + 13*m. List the prime factors of m.
2, 11, 13
Suppose 4*t - 28 = u, 0*t + 32 = 2*t + 4*u. Suppose 12 = o + 4*m - m, 0 = -o + m + t. Suppose -8*j + 527 = -o. List the prime factors of j.
67
Let l(s) = 3*s - 36*s + 771 + 18*s. List the prime factors of l(0).
3, 257
Let b(m) = -m**3 - 12*m**2 + 3*m + 17. Let w be b(-12). Let c = w - -14. Let k(z) = -z**3 - 3*z**2 - z - 5. What are the prime factors of k(c)?
2, 5
Suppose 7*m - 4*m + 227 = 4*x, 245 = 4*x + 3*m. Let t(j) = j**2 - 8*j + 6. Let o be t(8). Let q = x + o. List the prime factors of q.
5, 13
Suppose -3 = -d - 2*g + 1, 2*g - 4 = 3*d. Let t(u) = 2*u + 5. Let n be t(d). Suppose n*a = 108 + 597. What are the prime factors of a?
3, 47
List the prime factors of (-176)/(-16) + -4 + 4845.
2, 1213
Let l be (3 - (-33)/(-15)) + (-3512)/(-10). Let y = 1094 - l. List the prime factors of y.
2, 7, 53
Suppose 7*x = 9*x - 20. Let z(o) = 2*o**2 + 4*o + 22. Let w be z(x). Let d = w - 152. List the prime factors of d.
2, 5, 11
Let a(f) = 83*f - 198. Let s be (8/(-28))/(7/(-294)). What are the prime factors of a(s)?
2, 3, 7, 19
Let g = -877 + 548. Let s = 145 - g. List the prime factors of s.
2, 3, 79
Suppose 5*a - 3*a - 256 = 0. Suppose -4*y = -20, 0 = 5*f - 2*y - 337 - a. Suppose -14*l + f = -2327. List the prime factors of l.
173
Let b = -143 + 147. Suppose b*z = -5*r + 1910, -5*r + 2*z = -1105 - 775. List the prime factors of r.
2, 3, 7
Suppose -4*c + 3*p + 124321 = 0, -3*c - 2*p + 23560 = -69651. What are the prime factors of c?
5, 11, 113
Let y be -5*(3 - (-4 + 8)). Suppose 3*j - 3 = 3. List the prime factors of y/(15/114) + 4/j.
2, 5
Suppose 74321 = 11*n - 6*n - g, -14859 = -n - 5*g. What are the prime factors of n?
2, 929
Suppose 0 = t + 4*c - 16, -c - 7 = 3*t - 0. What are the prime factors of 13522/18 + -6 + t/18?
5, 149
Suppose -n = -3*d + d + 467, -5*d - 3*n = -1195. Let a = d +